culate the remainder when 2/6 - 154/(-6) is divided by n.
6
Suppose -3*f = -2*y + 1054, -7*y + 5*y + 1040 = 4*f. What is the remainder when y is divided by 66?
62
Let r = -2895 + 2942. Calculate the remainder when 67 is divided by r.
20
Let i(f) = f**3 + 19*f**2 - 3*f - 28. Let g(t) = -20*t - 4. Let v be g(-3). What is the remainder when (-2)/(-2) + v/1 is divided by i(-19)?
28
Let u = 6742 + -6171. Calculate the remainder when u is divided by 145.
136
Let j be 116*9 - 10/(-10). Let v = j + -664. Suppose 0*p = -3*p + v. What is the remainder when p is divided by 26?
23
Suppose 0 = 140*b - 6657 - 49623. What is the remainder when b is divided by 28?
10
Suppose -1742 + 4367 = 5*b. What is the remainder when b is divided by (-22)/((15/9)/((-325)/130))?
30
Calculate the remainder when 2/6*-2*(101907/(-18) - -23) is divided by 171.
168
Let o(w) be the first derivative of 4*w**2 + 128*w - 112. Calculate the remainder when 99 is divided by o(-13).
3
Let k = -41 + 49. Suppose -2*a - k = 2*a, -d + 5*a = -162. Suppose -2*t + d = -14. What is the remainder when t is divided by 42?
41
Suppose -2*w - 42 = -9*w. What is the remainder when 178 is divided by ((-5)/5*-1 + 4)*w?
28
Suppose 52 = -10*t + 2. Let p(m) = -m**3 - 4*m**2 + 3*m + 21. Calculate the remainder when p(t) is divided by 8.
7
Suppose -1 = -5*n + c + 14, -4*c + 4 = -4*n. Suppose r - 10 = -m + 264, n*m + 269 = r. Calculate the remainder when r is divided by 23.
20
Let c = -199 + 201. Suppose -17*h + 450 = -c*h. Calculate the remainder when 177 is divided by h.
27
Let w be (-4)/12 + (-2)/3. What is the remainder when (((-1035)/(-12))/5)/(2/8) is divided by (3/15 + w)*-30?
21
Let p(w) be the first derivative of 2*w**3/3 - w**2/2 + 41*w - 46. Let a be p(12). What is the remainder when a/11 - (-6)/33 is divided by 15?
14
Suppose -8 = 5*z + 12. Let v = 6 + z. Calculate the remainder when 39 is divided by v*(7 + -1*(-1 - -3)).
9
Calculate the remainder when 144/30 - (-8)/(-10) - -326 is divided by 82.
2
Suppose 0 = 6*f + 33 + 9. Let o = f + 22. What is the remainder when 15 is divided by o?
0
Suppose -76 = -12*i + 284. What is the remainder when 3209 is divided by i?
29
Suppose 0 = -5*m - 3*b - 461, 0 = -2*m + 4*b - 217 + 43. Let p = 123 + m. Suppose 0 = p*k - 34*k + 24. What is the remainder when 58 is divided by k?
10
Let y(j) = j**3 - 16*j**2 - 34*j + 331. What is the remainder when y(19) is divided by 376?
16
Let n be (-675)/(-125) - (-4)/(-10). Let k(l) = 46*l - 144. What is the remainder when 340 is divided by k(n)?
82
Let s = -76 - -79. Suppose 0 = 8*l - s*l + 5*w, -24 = -l + 5*w. Suppose -1379 + 267 = -l*q. What is the remainder when q is divided by 56?
54
Suppose 0 = 53*y - 56*y + 216. What is the remainder when 284 is divided by y?
68
Let t = 2789 + -2736. Calculate the remainder when 2115 is divided by t.
48
Calculate the remainder when (18/(-45))/2 + 45031/5 - -2 is divided by 3000.
8
Suppose 5*s = 2*j + 2080, -4*s + 1698 = 4*j + 6. Calculate the remainder when s is divided by 106.
100
Let p = -10788 - -11096. Calculate the remainder when 887 is divided by p.
271
Suppose 479*l - 33176 = -275*l. Calculate the remainder when 122 is divided by l.
34
What is the remainder when (((-1957)/114)/(-1))/((1*-2)/(-12)) is divided by -5*(1 - 38/10)?
5
Let r = -59 + 201. Suppose 25*l - r = 24*l. Calculate the remainder when l is divided by 48.
46
Let j be -6*(-5 + 4/(-6)*-49). Let u = 139 - j. What is the remainder when u is divided by 51?
50
Let f = 28961 + -28743. What is the remainder when f is divided by 168?
50
Let c be -1 + 6 - (-2 - 19). Suppose 0 = -17*b + 229 + c. Let n(r) = r**3 - 3*r**2 + 4*r - 15. Calculate the remainder when n(6) is divided by b.
12
Let g(i) = -92*i - 598. Calculate the remainder when 48 is divided by g(-7).
2
Let x = 16063 - 15595. What is the remainder when x is divided by 257?
211
Let n be (-60)/(-35)*(5 - -2). Calculate the remainder when (-3)/(-2)*1256/n is divided by 8.
5
Let x(t) = 10*t - 7. Let c be x(1). Suppose 3*g - 9 = -n, c*n - 7*n + 46 = 2*g. Suppose a + 6 - n = 0. What is the remainder when 59 is divided by a?
5
What is the remainder when (-2097)/(-4) + 1/(-4) is divided by (-1 - 33)*(-1697)/3394?
14
Let l = -718 - -721. Calculate the remainder when 8/12 + -2 + 1294/l is divided by 18.
16
Let p = 82 + -84. Let g(m) = 2 + 2*m**2 + 0 + m + 0 - 1. Calculate the remainder when 19 is divided by g(p).
5
Suppose -851 = 8*a - 2267. Suppose -3*r + 3*v = -108, 2*r + v = 26 + 46. Calculate the remainder when a is divided by r.
33
Let n(g) = -g**3 - 12*g**2 - 32*g - 823. Calculate the remainder when 97 is divided by n(-14).
12
Let b(c) = -5*c**3 - 6*c**2 + 10*c + 5. Let s be b(-4). Let o = -163 + s. What is the remainder when 75 is divided by o?
23
Let i(n) = 14*n**2 - 10*n + 51. What is the remainder when i(6) is divided by 56?
47
Suppose 19 - 9 = i. Suppose -12*o + 210 = -6*o. What is the remainder when o is divided by i?
5
Let m be -7 - (-35)/(-21)*9. Let s(a) = -a**2 - 31*a - 188. Calculate the remainder when 25 is divided by s(m).
5
Let u = 7906 - 7879. Calculate the remainder when (8/12)/((-2)/(-309)) is divided by u.
22
Suppose -316 = -6*d + 542. Let x(n) = -16*n + 902. What is the remainder when d is divided by x(56)?
5
Calculate the remainder when 548 is divided by 2*-16*6/(-72)*84.
100
Let u be (24/(-16))/(3/(-4)). Suppose u*l + 12 = 36. Suppose -l*g - g + 39 = 0. What is the remainder when 26 is divided by g?
2
Let p = -1694 - -2621. Calculate the remainder when p is divided by 54.
9
Let d(m) = -m**3 + 17*m**2 - 5*m - 10. Calculate the remainder when d(11) is divided by 205.
46
Suppose -3*b - b = -80. Let o(d) = -16*d - 57. Let f be 11 + -5 - (-8 - -20). Calculate the remainder when o(f) is divided by b.
19
Suppose 0 = 4*z + 4, 8*z - 11*z + 180 = 3*k. Let c(d) = 3*d + 1. Calculate the remainder when k is divided by c(4).
9
Suppose 0 = 25*w + 546 - 4546. What is the remainder when 616 is divided by w?
136
Let m(u) be the third derivative of u**5/60 + u**4/24 + 5*u**3/3 + 13*u**2 - 2. What is the remainder when 98 is divided by m(0)?
8
Suppose 0 = -g - t + 1593, g + 1609 = 2*g - 3*t. What is the remainder when g is divided by 369?
121
What is the remainder when (-10)/(-15)*-3 + -2 + 762 + 0 is divided by 52?
30
Suppose 0 = 94*w - 247*w + 2597245 + 2761274. Calculate the remainder when w is divided by 211.
208
Suppose -661*d - 254*d = -271*d - 25116. Suppose -32 - 13 = -x. Calculate the remainder when x is divided by d.
6
Let b = -52 + 50. Let k(n) = -24*n + 4. Let o be k(b). Let i = o - 9. What is the remainder when i is divided by 17?
9
Suppose -p - 762 = -861. What is the remainder when p is divided by 41?
17
Suppose 38*h - 461 - 466 = -91. Calculate the remainder when 132 is divided by h.
0
Suppose -1900 = -749*x + 730*x. What is the remainder when x is divided by 26?
22
Let b = -6258 - -6306. What is the remainder when 214 is divided by b?
22
Suppose 756 = -689*m + 710*m. Calculate the remainder when 824 is divided by m.
32
Suppose -1180 = 5*j - 3*c, -5*c - 1220 = 5*j - 0*c. Let b = j + 146. Let f = 142 + b. What is the remainder when f is divided by 10?
9
Let d be (-83)/(5/(-75)*3). What is the remainder when 5 is divided by ((-332)/d)/((2/5)/(-1))?
1
Let t = 137 + -130. Suppose t*o = -3*o + 280. Suppose -2*s = -48 - 114. What is the remainder when s is divided by o?
25
Suppose 1177028 = 527*a - 987888. What is the remainder when a is divided by 682?
16
Let z(v) = -v**2 + 9*v + 22. Suppose -25 = -3*o + c, 2*o = -28*c + 24*c + 26. What is the remainder when 41 is divided by z(o)?
19
Suppose 29*b + 10*b - 84903 = 0. Calculate the remainder when b is divided by 20.
17
Let k(x) = -x**3 - 10*x**2 + 49*x - 150. Let n be k(-14). Suppose 0 = 4*y - 84 - 292. Let c = y + n. Calculate the remainder when c is divided by 11.
9
Suppose 691*b - 15312 = 163*b. Calculate the remainder when 1550 is divided by b.
13
Let w = 105 - 567. Let b = w - -534. Calculate the remainder when 228 is divided by b.
12
Let m(t) = 5*t - 3. Let w be m(1). Suppose 5*i = -11 - 14. Calculate the remainder when 17 is divided by (-1)/(w*i/110).
6
Let l(b) = -b**3 - 18*b**2 - 15*b + 42. Let f be l(-17). Let z(i) = -5 - 14*i + i**2 + 2*i**2 + 1 - i**2. Calculate the remainder when 22 is divid